/6)*1 + 2195.
2, 3, 61
Let l = 20 + -21. Let n be l/(-2) + (-54)/(-12). Suppose -41 = -2*j - n*m, -2*j - j - m + 81 = 0. List the prime factors of j.
2, 7
Suppose -4*u = o - 16, -3*o + 3 + 1 = u. Let t(v) = -v**3 + 5*v**2 - 4*v + 9. What are the prime factors of t(u)?
3
Let b be 4/14*(-42)/(-6). Let p(i) = -i**3 + 3*i**2 + b + 1 - i + 4*i. What are the prime factors of p(-2)?
17
Let p(w) = 5*w**2 - 35*w + 6. What are the prime factors of p(13)?
2, 3, 11
Suppose 0 = 8*c - 4*c - 1180. What are the prime factors of (2 + c/(-10))*-2?
5, 11
Let h(z) = -z**3 - 3*z**2 - 3*z - 4. Let j be h(-3). Suppose 705 = 3*p + y, -j*p = 5*y - y - 1175. What are the prime factors of p?
5, 47
Suppose 0*b + 2*b + 590 = -5*y, 0 = -5*y + 2*b - 610. Let a = -6 - y. What are the prime factors of a?
2, 3, 19
Let y = -14 + 2507. What are the prime factors of y?
3, 277
List the prime factors of (-8)/(-24) + (-14)/(-3).
5
Suppose 2*b - p + 0 + 5 = 0, -2*b - p = -5. Suppose 5*i - a = -2*a + 722, -i - 4*a + 152 = b. What are the prime factors of i?
2, 3
Let s(y) be the second derivative of 7*y**3/6 + y**2 - 2*y. Let b be s(5). Suppose -28 = -5*h + b. What are the prime factors of h?
13
List the prime factors of -2 - -6 - 4/(-24)*-6.
3
Suppose 3*w = 2*p + 1244, 4*p = 2*w - 4*w + 840. What are the prime factors of w?
2, 13
List the prime factors of ((-22)/(-44))/(3/5634*1).
3, 313
Let c(q) = 16*q + 15*q + 0*q - 24 + 2*q. What are the prime factors of c(9)?
3, 7, 13
What are the prime factors of (-6586)/(-54)*6 - 4/(-18)?
2, 3, 61
Suppose 3*r - z - 356 = 0, 0 = -2*r - 3*z - z + 214. Let y = r + -68. What are the prime factors of y?
7
Let t be 0 - -1 - (1 - 131). Let r = -682 + 596. Let s = t + r. List the prime factors of s.
3, 5
Let z = -31 + 507. Let x be z/20 + 2/10. Let a = 46 - x. What are the prime factors of a?
2, 11
Let q = 25 + -10. Let s be 1*-3*20/q. List the prime factors of 532/(-70)*10/s.
19
Let n(w) = 27*w - 1. Let h(d) = -26*d + 2. Let i(l) = -2*h(l) - 3*n(l). What are the prime factors of i(-1)?
2, 7
Let p = 697 + -332. Let v = 638 - p. List the prime factors of v.
3, 7, 13
Suppose 9*c - 585 = 4*c. What are the prime factors of -2 + c + -2 + 1?
2, 3, 19
Let b be 9/((0 - 2)/(-432)). Suppose 0 = 2*s - 11*s + b. What are the prime factors of s?
2, 3
Suppose -28*f = -52*f + 27480. What are the prime factors of f?
5, 229
Let d(j) = 57*j - 152. What are the prime factors of d(29)?
19, 79
Let h(v) be the third derivative of v**6/120 + 2*v**5/15 - 5*v**4/24 - v**3/3 + 6*v**2. Let g be h(-9). Let l = -14 - g. List the prime factors of l.
2, 3
Let z(m) = -m**3 + 11*m**2 - 20*m + 18. Let v be z(9). Suppose -4*d + 6 + 14 = 0. Suppose v = -0*k - d*k + 20. List the prime factors of k.
2
Let s be ((-240)/45)/((-4)/(-198)). Let y be (-21)/(-2)*s/18. What are the prime factors of (-10)/(-60) - y/12?
13
Let z(l) be the first derivative of -l**4/2 - 2*l**3 + 3*l**2/2 + 5*l - 11. What are the prime factors of z(-5)?
2, 3, 5
Let a = 2159 + -822. List the prime factors of a.
7, 191
Suppose 5*o + 4*d - 4355 = 0, -5*d + 361 = -3*o + 2937. List the prime factors of o.
3, 17
Suppose 7*i + 0*i = 4844. List the prime factors of i.
2, 173
Let r(i) = 8*i**2 - 3*i - 56. What are the prime factors of r(13)?
3, 419
Let o(b) = 0*b + 5*b**2 + 1 - 4*b**2 - 7*b - 7. Let k be o(7). Let z(l) = -l**3 - 7*l**2 - 10*l - 7. What are the prime factors of z(k)?
17
Suppose -12 = -g - 6. Let v = -3 + g. Suppose -v*p - 2*w = -89, -2*p - 2*w - 159 = -7*p. List the prime factors of p.
31
Let d(h) = -h**2 - 108*h - 154. What are the prime factors of d(-74)?
2, 1181
Let j(w) = 7*w**2 - 55*w - 538. What are the prime factors of j(-22)?
2, 5, 7, 29
Let r be 4/(-6)*(5 + -2). Let u = r - -6. Suppose 4*j - u*h + 2*h - 74 = 0, -2*j = 4*h - 42. What are the prime factors of j?
19
Let l = 1435 - 1182. List the prime factors of l.
11, 23
Let v(q) = 5*q + 1 - 4*q - 2 + 5*q. Let d be v(2). Suppose -5*x - d = 5*i - 36, 2*x = -i + 2. What are the prime factors of i?
2
Let t = -12 - -15. Suppose 2*s = 4*r - 26, -t*s - 37 = -3*r - 10. Suppose -3*q = c - r + 1, 23 = c - q. What are the prime factors of c?
2, 3
What are the prime factors of (2 - 5)*(-25)/15 + 588?
593
Let w be (42/(-63))/((-2)/81). Let o = w - -70. What are the prime factors of o?
97
Let c(g) = 2*g**3 - 5*g**2 - 3*g - 10. Let j be c(8). Suppose -6*p + 470 + j = 0. List the prime factors of p.
2, 5, 19
Let k = -11 - -18. Let b = 0 + 3. Suppose 84 = k*z - b*z + 4*i, z + 5*i = 17. List the prime factors of z.
2, 11
Let q(u) = -11*u + 28. Let b be q(5). Let j(l) = l**2 + 20*l. List the prime factors of j(b).
3, 7
Let r(n) = -22*n**3 + 9*n**2 - 11*n - 2. What are the prime factors of r(-4)?
2, 797
List the prime factors of (-69)/((1/(-72))/((-90)/(-120))).
2, 3, 23
Let x = 49 + -49. What are the prime factors of (-1 - x) + 13 - -2?
2, 7
Let w(i) = -i**2 - 24*i + 124. What are the prime factors of w(-24)?
2, 31
Suppose 985 = 32*r - 27*r. Let d = 6 + r. List the prime factors of d.
7, 29
Suppose 2*c - 14 = 3*x - 704, 4*x - 920 = -3*c. Suppose -32*v = -34*v + x. What are the prime factors of v?
5, 23
Let w = -461 + 522. List the prime factors of w.
61
Let p(d) = 3*d**2 - 19*d + 68. List the prime factors of p(-18).
2, 691
Suppose 63 = 5*j - 2. Let m(x) = -x**2 + 15*x - 17. Let d be m(j). What are the prime factors of 2 + 0 - (-9 - d)?
2, 5
Let b = 1076 + 1040. What are the prime factors of b?
2, 23
Let x(v) = -v**3 + 7*v**2 + v - 4. Let n be x(7). Let w = -12 - n. Let r = -8 - w. What are the prime factors of r?
7
Let i = 927 + -392. List the prime factors of i.
5, 107
Suppose -81*b + 78*b + 3*u + 2484 = 0, b - 5*u - 848 = 0. List the prime factors of b.
823
Let y(v) = 50*v**2 + 17*v - 2. What are the prime factors of y(4)?
2, 433
Let p be (16*10)/(3 + -2) + -4. Let v(a) = -25*a - 3. Let r be v(3). Let l = p + r. List the prime factors of l.
2, 3, 13
Let n(q) = -3*q + 21. Let r be n(7). Suppose r = 3*u + 4*a - 265, -3*u = 4*a - 6*a - 277. What are the prime factors of u?
7, 13
Let i = 1675 - 955. List the prime factors of i.
2, 3, 5
Suppose -236 = -5*g + 3*x, 224 = 5*g - x + 4*x. List the prime factors of g + (-1 - 2) + 4.
47
Suppose 0 = 3*i - i + 146. Let y = i + 37. What are the prime factors of y/30*50/(-4)?
3, 5
Suppose -4*h = 3*u - 2113, -3*h + 1747 = -4*u + 181. List the prime factors of h.
2, 263
Let u = -577 - -655. List the prime factors of u.
2, 3, 13
Let i(k) = -6*k**2 + 6*k - 1. Let y(g) = -7*g**2 + 5*g. Let m(s) = 6*i(s) - 5*y(s). Let c be (9/1)/((-15)/(-10)). What are the prime factors of m(c)?
2, 3
Let t(b) = -3*b**2 - 2*b - 1 + 4*b**3 + b**2 + 0*b**2. Let y be t(-1). Let m(f) = f**3 + 6*f**2 + 1. List the prime factors of m(y).
2, 13
Let l(g) = 230*g - 14. Let z be l(2). Suppose 3*f = 5*f - z. What are the prime factors of f?
223
Let v = 22 - 38. Let f(n) = -n**3 - 16*n**2 - n - 21. Let c be f(v). List the prime factors of (-2 - -3)/((-1)/c).
5
Let q = 460 + -272. Suppose -2*g = 4*n - 6*g - q, -2 = g. List the prime factors of n.
3, 5
Suppose 0 = -24*s + 21*s + 642. Suppose -s = -2*k - 14. List the prime factors of k.
2, 5
Suppose d - 2784 = -5*s, -3*s + 9550 = 5*d - 4458. What are the prime factors of d?
2, 701
Let z(a) = a**3 + 5*a**2 - 11*a - 6. Let i be 16/(-2) + 8/4. What are the prime factors of z(i)?
2, 3
Let d = 3 + -6. Let q = 23 + d. List the prime factors of q.
2, 5
Let x = 41 + -24. Suppose -92 = -5*o - x. What are the prime factors of o?
3, 5
Let b(i) = i**2 - 2*i + 2. Suppose t - 3*t = -4. Let u be b(t). Suppose u*f = 2*g - 80, -3*f + 0*f = -g + 50. What are the prime factors of g?
5, 7
Let s = -21 + 12. Let r(c) = -c**2 + 7 + 0 - c + 6 - 8*c. List the prime factors of r(s).
13
Let g = 3287 - 18. List the prime factors of g.
7, 467
Suppose 0 = y - 6*y - 15. Let b(d) = -d**3 + 3*d**2 + d - 4. List the prime factors of b(y).
47
Let f(c) = -c**3 - 14*c**2 - 13*c + 2. Let i be f(-13). Suppose i*b - 16 = 14. List the prime factors of b.
3, 5
Let r = 1869 - 996. List the prime factors of r.
3, 97
Let a(x) = -279*x - 336. List the prime factors of a(-5).
3, 353
Suppose 0 = 5*j - i - 2289, 4*i = -0*j + 3*j - 1387. What are the prime factors of j?
457
Let a(n) be the second derivative of 3/4*n**4 - 2*n + 0 + 1/3*n**3 - 3/2*n**2 - 1/20*n**5. What